 prime factors of 10134051.
3, 83, 40699
List the prime factors of 83591.
83591
What are the prime factors of 316257?
3, 271, 389
List the prime factors of 22742847.
3, 2526983
List the prime factors of 2688592.
2, 168037
List the prime factors of 373993.
103, 3631
What are the prime factors of 517753?
23, 22511
What are the prime factors of 844257?
3, 281419
List the prime factors of 170752.
2, 23, 29
What are the prime factors of 6940606?
2, 421, 8243
List the prime factors of 976270.
2, 5, 233, 419
What are the prime factors of 281137?
41, 6857
What are the prime factors of 3406379?
313, 10883
What are the prime factors of 1559800?
2, 5, 11, 709
List the prime factors of 9888298.
2, 7, 23, 41, 107
List the prime factors of 3807367.
137, 27791
What are the prime factors of 3578865?
3, 5, 238591
What are the prime factors of 5485895?
5, 1097179
List the prime factors of 11780571.
3, 11, 41, 8707
List the prime factors of 2880111.
3, 13, 73849
What are the prime factors of 3327170?
2, 5, 7, 11, 29, 149
List the prime factors of 465087.
3, 7, 22147
What are the prime factors of 10351108?
2, 73, 35449
List the prime factors of 8876442.
2, 3, 1087, 1361
List the prime factors of 418266.
2, 3, 19, 1223
What are the prime factors of 3022348?
2, 7, 107941
List the prime factors of 158560.
2, 5, 991
List the prime factors of 5912986.
2, 2956493
What are the prime factors of 656770?
2, 5, 65677
List the prime factors of 5870914.
2, 7, 419351
List the prime factors of 655811.
13, 61, 827
What are the prime factors of 519483?
3, 43, 4027
List the prime factors of 260689.
11, 13, 1823
List the prime factors of 3861433.
3861433
List the prime factors of 14246007.
3, 251, 18919
List the prime factors of 306306.
2, 3, 7, 11, 13, 17
List the prime factors of 24731.
7, 3533
List the prime factors of 560744.
2, 29, 2417
What are the prime factors of 1766208?
2, 3, 9199
What are the prime factors of 312127?
29, 47, 229
What are the prime factors of 1471256?
2, 183907
What are the prime factors of 1304894?
2, 652447
What are the prime factors of 31789973?
31, 1025483
What are the prime factors of 577277?
19, 23, 1321
What are the prime factors of 983641?
23, 42767
List the prime factors of 2989160.
2, 5, 74729
What are the prime factors of 1232457?
3, 410819
What are the prime factors of 110538?
2, 3, 23, 89
List the prime factors of 6872575.
5, 47, 5849
List the prime factors of 1791003.
3, 41, 14561
What are the prime factors of 228720?
2, 3, 5, 953
What are the prime factors of 2080382?
2, 1040191
What are the prime factors of 25973868?
2, 3, 2164489
What are the prime factors of 1111194?
2, 3, 7, 8819
What are the prime factors of 4984139?
4984139
What are the prime factors of 17145717?
3, 5715239
What are the prime factors of 5965237?
31, 337, 571
List the prime factors of 2591344.
2, 7, 17, 1361
What are the prime factors of 945022?
2, 13, 19, 1913
List the prime factors of 5598686.
2, 43, 65101
What are the prime factors of 50041?
163, 307
What are the prime factors of 735079?
37, 19867
What are the prime factors of 36290997?
3, 179, 2503
What are the prime factors of 635962?
2, 379, 839
What are the prime factors of 5596069?
347, 16127
What are the prime factors of 200668?
2, 13, 17, 227
What are the prime factors of 1134463?
11, 151, 683
List the prime factors of 12540962.
2, 7, 73, 1753
List the prime factors of 28625.
5, 229
List the prime factors of 29255905.
5, 7, 61, 71, 193
What are the prime factors of 3783881?
179, 21139
What are the prime factors of 11474584?
2, 11, 83, 1571
What are the prime factors of 91301?
7, 13043
List the prime factors of 859639.
11, 17, 4597
List the prime factors of 148873.
148873
List the prime factors of 3266825.
5, 149, 877
List the prime factors of 855761.
23, 29, 1283
List the prime factors of 2816129.
59, 809
List the prime factors of 15484400.
2, 5, 38711
List the prime factors of 470551.
470551
What are the prime factors of 152021?
281, 541
List the prime factors of 7125087.
3, 457, 5197
What are the prime factors of 1817865?
3, 5, 7, 29, 199
What are the prime factors of 5463503?
5463503
List the prime factors of 2414466.
2, 3, 31, 4327
What are the prime factors of 38015510?
2, 5, 13, 292427
What are the prime factors of 521645?
5, 17, 19
What are the prime factors of 1170384?
2, 3, 37, 659
What are the prime factors of 1860550?
2, 5, 127, 293
List the prime factors of 62463.
3, 47, 443
What are the prime factors of 8858815?
5, 7, 253109
List the prime factors of 545094.
2, 3, 11, 2753
List the prime factors of 11567211.
3, 439, 8783
What are the prime factors of 665387?
665387
List the prime factors of 1455221.
53, 27457
What are the prime factors of 198215?
5, 29, 1367
What are the prime factors of 1980191?
1980191
List the prime factors of 16613779.
7, 13, 79, 2311
What are the prime factors of 243712?
2, 7, 17
List the prime factors of 243233.
243233
What are the prime factors of 21810982?
2, 37, 241, 1223
What are the prime factors of 1186174?
2, 11, 53917
What are the prime factors of 249160?
2, 5, 6229
What are the prime factors of 792258?
2, 3, 23, 5741
What are the prime factors of 2927305?
5, 585461
What are the prime factors of 7984140?
2, 3, 5, 133069
What are the prime factors of 22434?
2, 3, 3739
List the prime factors of 396058.
2, 13, 15233
List the prime factors of 614961.
3, 68329
List the prime factors of 2243803.
2243803
List the prime factors of 229841.
229841
What are the prime factors of 123907?
7, 31, 571
List the prime factors of 238767.
3, 79589
What are the prime factors of 66775?
5, 2671
What are the prime factors of 5518616?
2, 689827
What are the prime factors of 6299425?
5, 11, 22907
List the prime factors of 746942.
2, 7, 53353
List the prime factors of 2368248.
2, 3, 101, 977
List the prime factors of 95658.
2, 3, 107, 149
List the prime factors of 324986.
2, 162493
List the prime factors of 381725.
5, 15269
List the prime factors of 2901673.
397, 7309
List the prime factors of 22250.
2, 5, 89
What are the prime factors of 671789?
17, 43, 919
What are the prime factors of 5299296?
2, 3, 55201
List the prime factors of 25756.
2, 47, 137
What are the prime factors of 993717?
3, 41, 2693
What are the prime factors of 10314345?
3, 5, 687623
List the prime factors of 1224093.
3, 13, 31387
What are the prime factors of 56355?
3, 5, 13, 17
What are the prime factors of 3419148?
2, 3, 499, 571
List the prime factors of 4971.
3, 1657
What are the prime factors of 38?
2, 19
What are the prime factors of 268741?
11, 2221
List the prime factors of 1415801.
31, 109, 419
List the prime factors of 912806.
2, 456403
List the prime factors of 3221123.
3221123
What are the prime factors of 9037358?
2, 11, 410789
List the prime factors of 5309436.
2, 3, 11, 19, 29, 73
List the prime factors of 4099777.
11, 372707
What are the prime factors of 14246336?
2, 13, 17123
List the prime factors of 881742.
2, 3, 223, 659
What are the prime factors of 28056703?
421, 66643
What are the prime factors of 9094509?
3, 1010501
What are the prime factors of 1855425?
3, 5, 11, 13, 173
List the prime factors of 487287.
3, 29, 1867
List the prime factors of 440543.
440543
What are the prime factors of 18980763?
3, 89, 71089
What are the prime factors of 9109410?
2, 3, 5, 303647
What are the prime factors of 1449947?
17, 19, 67
List the prime factors of 67677.
3, 17, 1327
What are the prime factors of 202048?
2, 7, 11, 41
List the prime factors of 593777.
593777
List the prime factors of 177572.
2, 103, 431
What are the prime factors of 5862798?
2, 3, 37, 8803
What are the prime factors of 235756?
2, 17, 3467
List the prime factors of 2391760.
2, 5, 7, 4271
What are the prime factors of 14733?
3, 1637
What are the prime factors of 387108?
2, 3, 10753
List the prime factors of 3703978.
2, 1259, 1471
List the prime factors of 15364114.
2, 7682057
What are the prime factors of 98667?
3, 19, 577
List the prime factors of 9930106.
2, 31, 160163
What are the prime factors of 225824?
2, 7057
List the prime factors of 560306.
2, 41, 6833
List the prime factors of 12044282.
2, 109, 55249
List the prime factors of 2037426.
2, 3, 43, 53, 149
What are the prime factors of 171671?
171671
What are the prime factors of 18303